*k - 8149, m - 3*k = -0*k + 2032. Is m a prime number?
False
Let f(p) = 957*p**2 - 4*p + 2. Let g(u) be the third derivative of u**4/12 + u**3/2 + 3*u**2. Let j be g(-1). Is f(j) a composite number?
True
Suppose d + 2*d + 4*m - 2909 = 0, -5*d = 4*m - 4835. Let p = -314 + d. Is p a prime number?
False
Let r = -293 - -521. Let j = 678 - r. Let i = j + -193. Is i prime?
True
Suppose -2*z + 86 = -140. Let u = z - 28. Is u prime?
False
Suppose 5*t + 4*h - 40017 = -11640, -4*t - h + 22706 = 0. Is t/9 - (-3)/(135/10) prime?
True
Let w(s) = s**3 - 5*s**2 - 4*s. Let m be w(6). Suppose -9*j + m*j = 126. Is ((-13342)/j)/((-2)/6) prime?
True
Suppose 2*l = -3*a + 11, 3*l - 5*a = 4 + 3. Suppose 0 = -x + l*x - 1623. Is x prime?
True
Suppose 0 = -4*f + 5*g + 3100, -5*f + 2*f - 3*g + 2352 = 0. Suppose -5*z + 2155 + f = 0. Is z prime?
True
Suppose 0 = -u - 3 + 8. Suppose -3*f - 4*p = -1, -u*f + 10 - 1 = 3*p. Suppose -117 - 78 = -f*m. Is m a prime number?
False
Suppose -5*z = 4*m - 5335, -4*z + 2*z = 3*m - 2134. Is z prime?
False
Let s = -74 + 909. Is s a composite number?
True
Let t(x) be the first derivative of 9*x**2/2 - 2*x - 52. Let k be (1 + (-27)/(-6))*2. Is t(k) prime?
True
Let m(w) = 2*w**3 - 5*w**2 - w + 5. Let p be m(-5). Let f = 1556 + p. Is f a prime number?
False
Let i be 2/(-3) + (-4)/3. Let n(g) be the third derivative of 49*g**5/30 - g**4/12 + g**3/6 + 2*g**2 + 17*g. Is n(i) composite?
False
Suppose 71847 = 5*j + 4*j. Suppose 6*r + 1077 = j. Is r composite?
False
Let y(c) = 83*c - 11. Let a(q) = 1. Let w(k) = -4*a(k) - 2*y(k). Is w(-8) a prime number?
False
Let l be 4*(1 + (-7)/4). Let n(a) = -a**2 - 2. Let j(o) = -3*o**2 - 4*o - 8. Let r(f) = j(f) - 4*n(f). Is r(l) a composite number?
True
Let d(r) = r**2 + 2*r - 35. Let b(k) = -k**2 - 15*k + 22. Let a be b(-16). Is d(a) a prime number?
True
Let p be ((-58)/6)/((-12)/108). Suppose -m = -2*m + p. Is m prime?
False
Suppose 0 = -3*x - 6, -2*c - 4*x - 121 + 3257 = 0. Suppose 3*n + 156 = -5*t, 4*t + 56 = 2*t + 2*n. Is 12/t + c/5 a prime number?
False
Let u = 533 - 332. Suppose -3*l - 115 = 119. Let q = u + l. Is q a prime number?
False
Let c be (1*-1 - -1168) + 0. Let v be 164/(-902) - (-202)/22. Is (c/v)/(4/12) composite?
False
Let b = 96572 + -66969. Is b prime?
False
Suppose 0 = -3*h - 3*b + 1065, 3*h + b - 1093 = 5*b. Suppose -h = -y + 212. Is y prime?
True
Let r(j) = 6 - 6*j - 8*j + 11*j. Let b be r(-7). Suppose -172 + b = -z. Is z a composite number?
True
Is (6/3 - -2)*(-15727)/(-4) a prime number?
True
Suppose 78*m + 11*m - 1255523 = 0. Is m composite?
False
Suppose 3*z - 3*r = -0*z + 6, -2 = 5*z + r. Suppose -u = -4*h - 23, 4*u + z*h - 107 = h. Is 6/(-27) - (-60)/u composite?
False
Let z = -8166 - -11999. Is z prime?
True
Let p(d) = -15*d**3 - 6*d**2 + 26*d + 114. Is p(-7) a composite number?
False
Let r = -107 - -10. Is (1 - -5)*r/(-3) prime?
False
Is 51378*(-6 + (-5 - 136/(-12))) a prime number?
False
Let d be (-3)/6*-6 - 1. Suppose 7*r = -d*r + 10359. Is r composite?
False
Suppose -9*w + 6*w = 3*t - 33882, 2*t + 3*w - 22583 = 0. Is t prime?
True
Suppose 4580 = 41*u - 44579. Is u a prime number?
False
Let k(u) = 547*u - 434. Is k(25) a composite number?
False
Let s = -136 - -145. Let f(g) = 5*g**2 - 4*g + 10. Is f(s) composite?
False
Suppose -7*x + 40 = 5*b - 2*x, 4*b - 2 = 2*x. Suppose b*p = -t + 1, 0*p - 3*p - 14 = 4*t. Suppose p*c - 111 = c. Is c a prime number?
False
Let c(i) = 214*i - 31. Is c(6) a composite number?
True
Let u = 3870 + -2159. Is u a composite number?
True
Let u(g) = 6*g**2 + 99*g - 191. Is u(40) composite?
True
Let s be ((37 - 0) + 0)*63/(-3). Let m = s + 1364. Is m a composite number?
False
Suppose 407 + 1121 = -4*r. Is r/((4 - -6)/(-5)) composite?
False
Suppose 0 = -2*l + 4 + 2, -3*q - 3*l = -9660. Is q prime?
True
Let n(g) = 250*g + 1. Let h(f) = 3*f**2 - 1 + 6 - 6*f - 2*f**2 + 10*f. Let s be h(-3). Is n(s) composite?
True
Let b be (4 - (2 - 2)) + 0. Let i be ((b - 2) + -3)*-553. Suppose -3*w + 477 + i = 4*d, -4*d - w = -1034. Is d prime?
False
Suppose -4*g = -g. Suppose -i + 34 + 9 = g. Suppose -i = 4*j - 5*j. Is j composite?
False
Suppose 4*s = 2*p - 33331 - 2835, -2*s + 72302 = 4*p. Is p composite?
False
Let z = -22 + 22. Suppose -5*a + 1651 = 3*u, -5*u + a + 2789 = -z*a. Is u a prime number?
True
Let u = -688 - -3107. Is u prime?
False
Suppose 6*n - 2270 = -386. Suppose n = 3*w - 172. Let r = w + 421. Is r a prime number?
False
Suppose -3*v = 2*s - 6291, -s = 2*v - 1665 - 1480. Suppose 4*d - s = 3*d. Suppose w - d = -4*k, -k + 0*w + 791 = -4*w. Is k composite?
False
Suppose -44*v = -54*v + 135350. Is v prime?
False
Let w(x) = -15*x - 2. Let k(o) = 1. Let m(a) = 6*k(a) - w(a). Let i be m(-10). Let g = i - -239. Is g prime?
True
Let f(t) = 255*t**2 + 7*t - 9. Let h = -64 - -68. Is f(h) a composite number?
False
Let t(s) = -s**3 - 12*s**2 + 9*s + 7. Let l be t(-11). Is l/2*(-132)/18 composite?
True
Suppose -195234 = -8*f + 61094. Is f composite?
True
Let i(k) = 740*k**2 + 7*k + 3. Is i(-2) prime?
False
Let q(o) = -5*o - 5. Let u be q(-7). Suppose 5*x = -d + 470, 3*d = 2*x - 235 + u. Let g = 174 - x. Is g a composite number?
False
Let a(t) be the third derivative of -t**5/60 - 5*t**4/8 + t**3/6 + 2*t**2. Is a(-7) a composite number?
True
Let x = 1768 - 538. Suppose -2*h - 237 = -w - 0*w, -5*w = 5*h - x. Let d = 490 - w. Is d prime?
False
Let v(s) = -2*s - 7. Let j be v(10). Let k be (-4)/((-12)/j) - 1. Is 226/((-4)/k*5) a composite number?
False
Is (-24920857)/(-987) - 1*(-2)/(-21) a composite number?
True
Is 4 + (830/4 - 16/32) a prime number?
True
Let d = -9127 - -17588. Is d a composite number?
False
Suppose 0 = -0*n - n + 2. Let b be (-8)/n + (-1 - 88). Let v = b + 146. Is v prime?
True
Suppose 0 = 13*v - 18*v - 1340. Let j = 720 + 227. Let g = j + v. Is g a prime number?
False
Let g = 296 - -41. Is g prime?
True
Suppose 0 = v + 4*m + 6, 0*v - 2*v + 4*m + 24 = 0. Suppose 3*b + 9 = 5*j, 3*j = v*j - 9. Suppose b*i + 3*i = 70. Is i composite?
True
Let y = 285 + -198. Let i = y - -325. Suppose 5 = -5*r, -5*j + r + i = -r. Is j prime?
False
Let q(u) = 5*u**3 + u**2 - 2*u - 1. Let h be q(2). Let m = h - -295. Is m a composite number?
True
Let b = -45 + 50. Suppose q = -b*c + 18017, 10 = 6*q - q. Is c a prime number?
False
Suppose -37897 = -x + v + 11288, 7*v = -x + 49193. Is x a prime number?
False
Is (-69040)/(-35) + (0 - (-9)/21) composite?
False
Let m(h) = -172*h + h**3 + 88*h + 77 + 85*h. Is m(0) a composite number?
True
Let b = -43 - -49. Suppose 5614 = b*h - 2852. Is h a composite number?
True
Is (7 - -1)*-1 + 3241 a prime number?
False
Let h be (-3)/((-3)/(-12)*-6). Suppose a + 4 = -a - 4*q, h*q + 4 = 0. Suppose 0 = 2*w, -5*w - 29 = -a*l + 249. Is l composite?
False
Suppose -6*n = -n - 5*t - 45, 3*n = t + 17. Suppose n*d - 9*d = -40. Is (-807)/(-5) - d/20 composite?
True
Let v(z) = 21*z**2 - z - 5. Let x be -2*1/(-2)*-1. Let n be (-40)/(-15) - x/3. Is v(n) composite?
False
Let q = -5 - -3. Let j be (-1700)/(-4) + q + 1. Suppose 14*l = 18*l - j. Is l prime?
False
Let k(y) = 22*y + 67. Is k(9) prime?
False
Is 10789 - 0 - (29 + (-21)/1) composite?
False
Suppose 0 = -2*c + 119 + 983. Let z = c + -222. Is z composite?
True
Let b = 127 - 185. Let u = 543 + b. Is u prime?
False
Is -3 + ((-6)/(-5))/(27/181350) a prime number?
False
Let y = -1449 + 3009. Is 19/(38/y) - -1 composite?
True
Let j(f) = f**3 + 11*f**2 - 12*f + 6. Let c be j(-12). Suppose -r = z - c*z - 321, -2*z - 1248 = -4*r. Is r prime?
True
Let p(v) = -3*v**3 + 36*v**2 + 5*v - 57. Is p(-17) prime?
False
Let n = -10819 - -22736. Is n a prime number?
False
Let w(u) = 5*u + 14. Let b be w(-6). Let k be 1 - (1 - b/(-4)). Is (2 - -140)/(8/k) a prime number?
True
Let z be (-18)/63 + 1698/14. Let g = -26 - z. Let s = -68 - g. Is s composite?
False
Suppose -8*g + 2218 + 422 = 0. Suppose -n - 5*n + g = 0. Is n prime?
False
Let j = 12310 - -6327. Is j composite?
False
Let c = -1502 + 2873. Is c composite?
True
Let o(v) = 131*v + 39. Let j be o(-9). Let k = j - -2287. Is k composite?
True
Let t(q) = -q**3 + q**2 + q + 2. Let a be t(2). Let n = 2 + a. Suppose z + 127 = n*z. Is z a prime number?
True
Let t(v) = 10 - 5 - 16*v + 14 + 0 + v**2. Let o be t(15). Suppose 0*n + o*n - 228 = 0. Is n composite?
True
Suppo